{"id":1485,"date":"2024-06-30T21:47:28","date_gmt":"2024-07-01T00:47:28","guid":{"rendered":"https:\/\/icbari.com.br\/site\/?page_id=1485"},"modified":"2024-06-30T21:52:20","modified_gmt":"2024-07-01T00:52:20","slug":"politica-de-cookies","status":"publish","type":"page","link":"https:\/\/icbari.com.br\/site\/politica-de-cookies\/","title":{"rendered":"Pol\u00edticas de Cookies"},"content":{"rendered":"\t\t<div data-elementor-type=\"wp-page\" data-elementor-id=\"1485\" class=\"elementor elementor-1485\" data-elementor-settings=\"{&quot;ha_cmc_init_switcher&quot;:&quot;no&quot;}\" data-elementor-post-type=\"page\">\n\t\t\t\t<div class=\"elementor-element elementor-element-9aed6bc e-flex e-con-boxed wpr-particle-no wpr-jarallax-no wpr-parallax-no wpr-sticky-section-no e-con e-parent\" data-id=\"9aed6bc\" data-element_type=\"container\" data-settings=\"{&quot;background_background&quot;:&quot;classic&quot;,&quot;background_motion_fx_motion_fx_scrolling&quot;:&quot;yes&quot;,&quot;background_motion_fx_motion_fx_mouse&quot;:&quot;yes&quot;,&quot;background_motion_fx_mouseTrack_effect&quot;:&quot;yes&quot;,&quot;background_motion_fx_devices&quot;:[&quot;desktop&quot;,&quot;tablet&quot;,&quot;mobile&quot;],&quot;background_motion_fx_mouseTrack_speed&quot;:{&quot;unit&quot;:&quot;px&quot;,&quot;size&quot;:1,&quot;sizes&quot;:[]},&quot;_ha_eqh_enable&quot;:false}\">\n\t\t\t\t\t<div class=\"e-con-inner\">\n\t\t\t\t<div class=\"elementor-element elementor-element-b36a437 elementor-invisible elementor-widget elementor-widget-heading\" data-id=\"b36a437\" data-element_type=\"widget\" data-settings=\"{&quot;_animation&quot;:&quot;fadeInUp&quot;}\" data-widget_type=\"heading.default\">\n\t\t\t\t<div class=\"elementor-widget-container\">\n\t\t\t\t\t<h2 class=\"elementor-heading-title elementor-size-default\">POL\u00cdTICA DE COOKIES<\/h2>\t\t\t\t<\/div>\n\t\t\t\t<\/div>\n\t\t\t\t<div class=\"elementor-element elementor-element-33a92e3 elementor-icon-list--layout-inline elementor-list-item-link-inline elementor-align-left e-transform elementor-tablet-align-center ha-has-bg-overlay elementor-invisible elementor-widget elementor-widget-icon-list\" data-id=\"33a92e3\" data-element_type=\"widget\" data-settings=\"{&quot;_animation&quot;:&quot;fadeInUp&quot;,&quot;_transform_rotateZ_effect&quot;:{&quot;unit&quot;:&quot;px&quot;,&quot;size&quot;:&quot;&quot;,&quot;sizes&quot;:[]},&quot;_transform_rotateZ_effect_tablet&quot;:{&quot;unit&quot;:&quot;deg&quot;,&quot;size&quot;:&quot;&quot;,&quot;sizes&quot;:[]},&quot;_transform_rotateZ_effect_mobile&quot;:{&quot;unit&quot;:&quot;deg&quot;,&quot;size&quot;:&quot;&quot;,&quot;sizes&quot;:[]}}\" data-widget_type=\"icon-list.default\">\n\t\t\t\t<div class=\"elementor-widget-container\">\n\t\t\t\t\t\t\t<ul class=\"elementor-icon-list-items elementor-inline-items\">\n\t\t\t\t\t\t\t<li class=\"elementor-icon-list-item elementor-inline-item\">\n\t\t\t\t\t\t\t\t\t\t\t<a href=\"https:\/\/icbari.com.br\/site\">\n\n\t\t\t\t\t\t\t\t\t\t\t\t<span class=\"elementor-icon-list-icon\">\n\t\t\t\t\t\t\t<i aria-hidden=\"true\" class=\"icon icon-house-1\"><\/i>\t\t\t\t\t\t<\/span>\n\t\t\t\t\t\t\t\t\t\t<span class=\"elementor-icon-list-text\">IN\u00cdCIO<\/span>\n\t\t\t\t\t\t\t\t\t\t\t<\/a>\n\t\t\t\t\t\t\t\t\t<\/li>\n\t\t\t\t\t\t\t\t<li class=\"elementor-icon-list-item elementor-inline-item\">\n\t\t\t\t\t\t\t\t\t\t<span class=\"elementor-icon-list-text\">POL\u00cdTICA DE COOKIES<\/span>\n\t\t\t\t\t\t\t\t\t<\/li>\n\t\t\t\t\t\t<\/ul>\n\t\t\t\t\t\t<\/div>\n\t\t\t\t<\/div>\n\t\t\t\t\t<\/div>\n\t\t\t\t<\/div>\n\t\t<div class=\"elementor-element elementor-element-5b86cd56 e-flex e-con-boxed wpr-particle-no wpr-jarallax-no wpr-parallax-no wpr-sticky-section-no e-con e-parent\" data-id=\"5b86cd56\" data-element_type=\"container\" data-settings=\"{&quot;_ha_eqh_enable&quot;:false}\">\n\t\t\t\t\t<div class=\"e-con-inner\">\n\t\t\t\t<div class=\"elementor-element elementor-element-6022aa12 elementor-widget elementor-widget-text-editor\" data-id=\"6022aa12\" data-element_type=\"widget\" data-widget_type=\"text-editor.default\">\n\t\t\t\t<div class=\"elementor-widget-container\">\n\t\t\t\t\t\t\t\t\t\n<p><strong>1. Cookies<\/strong><br \/>Os cookies s\u00e3o as informa\u00e7\u00f5es geradas enquanto se acessa um site. Quando voc\u00ea os autoriza, recebemos os dados armazenados no seu navegador durante a visita para melhorar sua experi\u00eancia. H\u00e1 diferentes tipos de cookies, confira abaixo alguns deles:<\/p>\n<p>\u2022 Cookies necess\u00e1rios: s\u00e3o necess\u00e1rios para permitir determinadas funcionalidades do site;<br \/>\u2022 Cookies anal\u00edticos: possibilitam a coleta e an\u00e1lise de dados estat\u00edsticos para melhorar o desempenho e funcionamento do site; permitem verificar quais p\u00e1ginas voc\u00ea acessou e por quantas vezes, por exemplo;<br \/>\u2022 Cookies de funcionalidade: guardam as prefer\u00eancias da sua utiliza\u00e7\u00e3o em nosso site, fazendo com que voc\u00ea n\u00e3o precise selecion\u00e1-las novamente;<br \/>\u2022 Cookies de publicidade: destinados a coletar informa\u00e7\u00f5es para personalizar os an\u00fancios que voc\u00ea recebe.<br \/>Para melhorar a experi\u00eancia dos nossos usu\u00e1rios, analisamos os dados de acesso ao site com o suporte de cookies de terceiros.<\/p>\n<p>Google Analytics: uma das solu\u00e7\u00f5es de an\u00e1lise mais utilizadas. Eles monitoram quais s\u00e3o as p\u00e1ginas mais visitadas, permitindo-nos tornar nossos conte\u00fados mais atrativos.<br \/>Plugins de m\u00eddia social: permitem que voc\u00ea se conecte com suas redes sociais.<\/p>\n<p><br \/><strong>2. Como controlar o uso de cookies<\/strong><br \/>Infelizmente, algumas funcionalidades podem n\u00e3o operar corretamente caso voc\u00ea opte por n\u00e3o autorizar a coleta de cookies em nosso site. Mas voc\u00ea pode bloque\u00e1-los ou ser avisado quando um cookie for enviado para o seu dispositivo. Para fazer isso, voc\u00ea pode consultar o item \u201cAjuda\u201d do menu do seu navegador.<\/p>\t\t\t\t\t\t\t\t<\/div>\n\t\t\t\t<\/div>\n\t\t\t\t\t<\/div>\n\t\t\t\t<\/div>\n\t\t\t\t<\/div>\n\t\t","protected":false},"excerpt":{"rendered":"<p>POL\u00cdTICA DE COOKIES IN\u00cdCIO POL\u00cdTICA DE COOKIES 1. CookiesOs cookies s\u00e3o as informa\u00e7\u00f5es geradas enquanto se acessa um site. Quando voc\u00ea os autoriza, recebemos os dados armazenados no seu navegador durante a visita para melhorar sua experi\u00eancia. H\u00e1 diferentes tipos de cookies, confira abaixo alguns deles: \u2022 Cookies necess\u00e1rios: s\u00e3o necess\u00e1rios para permitir determinadas funcionalidades do site;\u2022 Cookies anal\u00edticos: possibilitam a coleta e an\u00e1lise de dados estat\u00edsticos para melhorar o desempenho e funcionamento do site; permitem verificar quais p\u00e1ginas voc\u00ea acessou e por quantas vezes, por exemplo;\u2022 Cookies de funcionalidade: guardam as prefer\u00eancias da sua utiliza\u00e7\u00e3o em nosso site, fazendo com que voc\u00ea n\u00e3o precise selecion\u00e1-las novamente;\u2022 Cookies de publicidade: destinados a coletar informa\u00e7\u00f5es para personalizar os an\u00fancios que voc\u00ea recebe.Para melhorar a experi\u00eancia dos nossos usu\u00e1rios, analisamos os dados de acesso ao site com o suporte de cookies de terceiros. Google Analytics: uma das solu\u00e7\u00f5es de an\u00e1lise mais utilizadas. Eles monitoram quais s\u00e3o as p\u00e1ginas mais visitadas, permitindo-nos tornar nossos conte\u00fados mais atrativos.Plugins de m\u00eddia social: permitem que voc\u00ea se conecte com suas redes sociais. 2. Como controlar o uso de cookiesInfelizmente, algumas funcionalidades podem n\u00e3o operar corretamente caso voc\u00ea opte por n\u00e3o autorizar a coleta de cookies em nosso site. Mas voc\u00ea pode bloque\u00e1-los ou ser avisado quando um cookie for enviado para o seu dispositivo. Para fazer isso, voc\u00ea pode consultar o item \u201cAjuda\u201d do menu do seu navegador.<\/p>\n","protected":false},"author":1,"featured_media":0,"parent":0,"menu_order":0,"comment_status":"closed","ping_status":"closed","template":"elementor_header_footer","meta":{"footnotes":""},"class_list":["post-1485","page","type-page","status-publish","hentry"],"_links":{"self":[{"href":"https:\/\/icbari.com.br\/site\/wp-json\/wp\/v2\/pages\/1485","targetHints":{"allow":["GET"]}}],"collection":[{"href":"https:\/\/icbari.com.br\/site\/wp-json\/wp\/v2\/pages"}],"about":[{"href":"https:\/\/icbari.com.br\/site\/wp-json\/wp\/v2\/types\/page"}],"author":[{"embeddable":true,"href":"https:\/\/icbari.com.br\/site\/wp-json\/wp\/v2\/users\/1"}],"replies":[{"embeddable":true,"href":"https:\/\/icbari.com.br\/site\/wp-json\/wp\/v2\/comments?post=1485"}],"version-history":[{"count":10,"href":"https:\/\/icbari.com.br\/site\/wp-json\/wp\/v2\/pages\/1485\/revisions"}],"predecessor-version":[{"id":1496,"href":"https:\/\/icbari.com.br\/site\/wp-json\/wp\/v2\/pages\/1485\/revisions\/1496"}],"wp:attachment":[{"href":"https:\/\/icbari.com.br\/site\/wp-json\/wp\/v2\/media?parent=1485"}],"curies":[{"name":"wp","href":"https:\/\/api.w.org\/{rel}","templated":true}]}}